{"id":4672,"date":"2021-01-08T11:04:00","date_gmt":"2021-01-08T10:04:00","guid":{"rendered":"https:\/\/moby2025.marketingdenmark.dk\/product\/fortelt\/"},"modified":"2026-03-11T14:17:24","modified_gmt":"2026-03-11T13:17:24","slug":"fortelt","status":"publish","type":"product","link":"https:\/\/moby2025.marketingdenmark.dk\/no\/produkt\/fortelt\/","title":{"rendered":"Fortelt"},"content":{"rendered":"<p>Skal du oppholde deg p\u00e5 den samme plassen i litt lengere tid? Da kan du lett skape ekstra mye plass, med dette forteltet. Forteltet gir et ekstra stort inne-rom med plass til b\u00e5de bord, stoler og ekstra oppakking.<br \/>\nSettet best\u00e5r av et stort fortelt, teleskop-stenger, barduner og pl\u00f8kker. Med andre ord, s\u00e5 indeholder settet alt det du trenger. Forteltet er lett og montere p\u00e5 takteltets overseil og sette i spenn med teleskop-stengene. Det tar sirka 10 minutter \u00e5 montere, fra start til slutt, og det blir bare lettere med tiden.<br \/>\nTeltet slutter helt til mod bilens side, s\u00e5 du kan ind og ud af bilen fra forteltet. Der er store d\u00f8re, samt vinduer med b\u00e5de myggenet og fast teltdug for \u00e5bningerne.<br \/>\nForteltet skal bestilles i den st\u00f8rrelse og farve som dit Peak tagtelt, s\u00e5 det passer sammen.<br \/>\nPasser p\u00e5 Peak tagtelte fra 2021 og frem.   <\/p>\n<p>Forteltet er et universalfortelt som passer til ditt taktelt. Det vil ikke v\u00e6re mulig \u00e5 garantere perfekt passform for h\u00f8yden p\u00e5 alle biler, da ingen biler har samme h\u00f8yde. Passer best for middels h\u00f8ye til h\u00f8ye biler, som SUV-er og lignende med takstativh\u00f8yde fra 170 \u2013 210cm. Vinduer og d\u00f8rer kan monteres annerledes enn p\u00e5 bildene.   <\/p>\n","protected":false},"excerpt":{"rendered":"<ul>\n<li class=\"mobile-undersized-upper\">M\u00e5l XL &#8211; L.330 x B.230cm &#8211; 9,4kg<\/li>\n<li class=\"mobile-undersized-upper\">M\u00e5l XXL &#8211; L.330 x B.280cm &#8211; 9,9kg<\/li>\n<\/ul>\n","protected":false},"featured_media":4673,"comment_status":"closed","ping_status":"closed","template":"","meta":{"_acf_changed":false},"product_brand":[],"product_cat":[190,118,76],"product_tag":[77],"class_list":["post-4672","product","type-product","status-publish","has-post-thumbnail","product_cat-alle-fortelte","product_cat-nyheder","product_cat-tilbehoer","product_tag-mobymountain","product_shipping_class-small-product","pa_vaelg-telt-aargang-2021-2023","pa_vaelg-telt-aargang-189","pa_vaelg-teltfarve-huntergreen","pa_vaelg-teltfarve-midnightgrey","pa_vaelg-teltfarve-thunderblack","pa_vaelg-teltstoerrelse-xl","pa_vaelg-teltstoerrelse-xxl","first","instock","taxable","shipping-taxable","purchasable","product-type-variable"],"acf":[],"_links":{"self":[{"href":"https:\/\/moby2025.marketingdenmark.dk\/no\/wp-json\/wp\/v2\/product\/4672","targetHints":{"allow":["GET"]}}],"collection":[{"href":"https:\/\/moby2025.marketingdenmark.dk\/no\/wp-json\/wp\/v2\/product"}],"about":[{"href":"https:\/\/moby2025.marketingdenmark.dk\/no\/wp-json\/wp\/v2\/types\/product"}],"replies":[{"embeddable":true,"href":"https:\/\/moby2025.marketingdenmark.dk\/no\/wp-json\/wp\/v2\/comments?post=4672"}],"wp:featuredmedia":[{"embeddable":true,"href":"https:\/\/moby2025.marketingdenmark.dk\/no\/wp-json\/wp\/v2\/media\/4673"}],"wp:attachment":[{"href":"https:\/\/moby2025.marketingdenmark.dk\/no\/wp-json\/wp\/v2\/media?parent=4672"}],"wp:term":[{"taxonomy":"product_brand","embeddable":true,"href":"https:\/\/moby2025.marketingdenmark.dk\/no\/wp-json\/wp\/v2\/product_brand?post=4672"},{"taxonomy":"product_cat","embeddable":true,"href":"https:\/\/moby2025.marketingdenmark.dk\/no\/wp-json\/wp\/v2\/product_cat?post=4672"},{"taxonomy":"product_tag","embeddable":true,"href":"https:\/\/moby2025.marketingdenmark.dk\/no\/wp-json\/wp\/v2\/product_tag?post=4672"}],"curies":[{"name":"wp","href":"https:\/\/api.w.org\/{rel}","templated":true}]}}

<p>Skal du oppholde deg på den samme plassen i litt lengere tid? Da kan du lett skape ekstra mye plass, med dette forteltet. Forteltet gir et ekstra stort inne-rom med plass til både bord, stoler og ekstra oppakking.<br />
Settet består av et stort fortelt, teleskop-stenger, barduner og pløkker. Med andre ord, så indeholder settet alt det du trenger. Forteltet er lett og montere på takteltets overseil og sette i spenn med teleskop-stengene. Det tar sirka 10 minutter å montere, fra start til slutt, og det blir bare lettere med tiden.<br />
Teltet slutter helt til mod bilens side, så du kan ind og ud af bilen fra forteltet. Der er store døre, samt vinduer med både myggenet og fast teltdug for åbningerne.<br />
Forteltet skal bestilles i den størrelse og farve som dit Peak tagtelt, så det passer sammen.<br />
Passer på Peak tagtelte fra 2021 og frem.   </p>
<p>Forteltet er et universalfortelt som passer til ditt taktelt. Det vil ikke være mulig å garantere perfekt passform for høyden på alle biler, da ingen biler har samme høyde. Passer best for middels høye til høye biler, som SUV-er og lignende med takstativhøyde fra 170 – 210cm. Vinduer og dører kan monteres annerledes enn på bildene.   </p>

<ul>
<li class="mobile-undersized-upper">Mål XL &#8211; L.330 x B.230cm &#8211; 9,4kg</li>
<li class="mobile-undersized-upper">Mål XXL &#8211; L.330 x B.280cm &#8211; 9,9kg</li>
</ul>
